19 prime?
True
Is 275687 a composite number?
True
Is 223 a composite number?
False
Is 3978167 a prime number?
True
Is 2301941 a prime number?
True
Is 459739 prime?
False
Is 156739 composite?
True
Is 5809 a composite number?
True
Is 19298 prime?
False
Is 701 a composite number?
False
Is 59837 composite?
True
Is 126349 a composite number?
False
Is 14591 a composite number?
False
Is 15869 composite?
True
Is 13443 prime?
False
Is 22739 a prime number?
True
Is 75431 a prime number?
True
Is 18457 a prime number?
True
Is 49079 prime?
False
Is 13553 a composite number?
False
Is 2927 a prime number?
True
Is 10903 a composite number?
False
Is 125183 a prime number?
True
Is 436171 a composite number?
False
Is 191969 a prime number?
True
Is 60087 a prime number?
False
Is 24499 composite?
False
Is 5489 prime?
False
Is 166555 a prime number?
False
Is 794905 composite?
True
Is 149833 a composite number?
True
Is 111119 a prime number?
True
Is 95531 a composite number?
False
Is 3761 a prime number?
True
Is 53681 a prime number?
True
Is 6421 a composite number?
False
Is 64495 prime?
False
Is 138503 prime?
False
Is 167009 prime?
True
Is 60859 prime?
True
Is 38299 prime?
True
Is 234965 a prime number?
False
Is 14609 a composite number?
True
Is 49857 a composite number?
True
Is 1219 composite?
True
Is 253415 prime?
False
Is 219179 composite?
True
Is 11761 a composite number?
True
Is 5147 a prime number?
True
Is 56731 a composite number?
False
Is 1342651 prime?
True
Is 150439 prime?
True
Is 442601 a composite number?
False
Is 134549 prime?
False
Is 33563 composite?
False
Is 40423 a composite number?
False
Is 716146 a composite number?
True
Is 15959 a composite number?
False
Is 22433 a prime number?
True
Is 429271 composite?
False
Is 61309 a composite number?
True
Is 3799 a composite number?
True
Is 29879 composite?
False
Is 869369 a composite number?
False
Is 119135 prime?
False
Is 92399 composite?
False
Is 12511 prime?
True
Is 125497 a composite number?
False
Is 3700097 composite?
False
Is 51682 composite?
True
Is 141439 a composite number?
False
Is 645067 composite?
False
Is 586589 prime?
True
Is 214039 a composite number?
True
Is 393157 a prime number?
True
Is 70393 a composite number?
False
Is 198899 a composite number?
False
Is 256083 composite?
True
Is 10841 composite?
True
Is 799 composite?
True
Is 952213 a prime number?
False
Is 23 a prime number?
True
Is 717251 prime?
False
Is 30911 a composite number?
False
Is 164569 a composite number?
False
Is 6547 a prime number?
True
Is 7993 prime?
True
Is 61463 composite?
False
Is 103769 a prime number?
True
Is 46351 a prime number?
True
Is 4109 a composite number?
True
Is 37243 prime?
True
Is 3109 prime?
True
Is 585955 a prime number?
False
Is 12791 composite?
False
Is 794 prime?
False
Is 84913 prime?
True
Is 2229 a composite number?
True
Is 20841 a composite number?
True
Is 211417 prime?
False
Is 50719 a prime number?
False
Is 2823809 prime?
True
Is 22229 a prime number?
True
Is 10249 composite?
True
Is 356591 prime?
True
Is 2621083 a prime number?
False
Is 1502107 a prime number?
False
Is 1119557 prime?
True
Is 97741 prime?
False
Is 1279037 a composite number?
True
Is 871807 a composite number?
True
Is 3989 a prime number?
True
Is 83891 composite?
False
Is 1543 prime?
True
Is 22633 a composite number?
True
Is 128127 a composite number?
True
Is 3377 composite?
True
Is 195967 a prime number?
True
Is 7295 a prime number?
False
Is 4481 a prime number?
True
Is 45935 a prime number?
False
Is 7033 composite?
True
Is 22565 composite?
True
Is 48801 composite?
True
Is 362749 a prime number?
True
Is 171997 a prime number?
False
Is 11677 a prime number?
True
Is 8441 a prime number?
False
Is 5137 a composite number?
True
Is 120502 prime?
False
Is 823519 a composite number?
False
Is 40307 a composite number?
True
Is 90353 composite?
False
Is 62383 a composite number?
False
Is 11863 prime?
True
Is 369947 composite?
False
Is 36677 prime?
True
Is 8999 composite?
False
Is 57451 prime?
False
Is 6297 a prime number?
False
Is 2504891 composite?
False
Is 35291 prime?
True
Is 41703 a composite number?
True
Is 198221 composite?
False
Is 58787 composite?
False
Is 4269 a composite number?
True
Is 7801 prime?
False
Is 296473 composite?
False
Is 66029 a composite number?
False
Is 7669 composite?
False
Is 3563 a prime number?
False
Is 415 composite?
True
Is 5219 a prime number?
False
Is 793253 a prime number?
True
Is 2574047 a prime number?
False
Is 4327 prime?
True
Is 912337 a prime number?
True
Is 7171 a prime number?
False
Is 31529 composite?
True
Is 319819 prime?
True
Is 18413 a composite number?
False
Is 46733 prime?
False
Is 2513 prime?
False
Is 181367 a composite number?
True
Is 7663 a composite number?
True
Is 36329 a composite number?
True
Is 351011 a prime number?
True
Is 3961 a prime number?
False
Is 1465 prime?
False
Is 1639103 composite?
True
Is 93157 a prime number?
False
Is 1792651 a composite number?
True
Is 23731 a prime number?
False
Is 46327 prime?
True
Is 41681 composite?
False
Is 1122227 a prime number?
True
Is 14793 a composite number?
True
Is 1412599 a composite number?
True
Is 559397 composite?
False
Is 106143 a prime number?
False
Is 315463 a composite number?
True
Is 364027 prime?
True
Is 6031295 prime?
False
Is 2227 prime?
False
Is 2962 composite?
True
Is 5357 a composite number?
True
Is 331 a prime number?
True
Is 4583 a prime number?
True
Is 22429 prime?
False
Is 13883 a composite number?
False
Is 327441 a composite number?
True
Is 797 a composite number?
False
Is 33421 a prime number?
False
Is 2099 composite?
False
Is 1823 prime?
True
Is 211213 composite?
False
Is 1839 a prime number?
False
Is 6857 a prime number?
True
Is 312331 a prime number?
True
Is 370373 prime?
True
Is 28181 prime?
True
Is 167149 prime?
True
Is 27941 a prime number?
True
Is 2903 a composite number?
False
Is 9809 composite?
True
Is 616027 a composite number?
False
Is 8269 a composite number?
False
Is 5006 prime?
False
Is 119819 prime?
False
Is 2250337 a prime number?
True
Is 71411 prime?
True
Is 725314 a prime number?
False
Is 4861 a composite number?
False
Is 75007 a prime number?
False
Is 13859 a composite number?
False
Is 195967 a composite number?
False
Is 177409 a composite number?
False
Is 134171 a prime number?
True
Is 326831 prime?
True
Is 644794 a prime number?
False
Is 899009 a composite number?
False
Is 11217 a prime number?
False
Is 14387 prime?
True
Is 346159 prime?
False
Is 14591 a composite number?
False
Is 1889 composite?
False
Is 548519 prime?
True
Is 1691 composite?
True
Is 3571 composite?
False
Is 12955 composite?
True
Is 49085 prime?
False
Is 191953 a composite number?
False
Is 6299 a composite number?
False
Is 5471 a prime number?
True
Is 101419 a prime number?
True
Is 162821 a composite number?
False
Is 48793 a prime number?
False
Is 361069 a composite number?
False
Is 78661 prime?
False
Is 350461 a composite number?
True
Is 1647847 prime?
True
Is 478267 prime?
False
Is 184657 composite?
True
Is 4721 a prime number?
True
Is 23783 a composite number?
True
Is 91909 prime?
True
Is 255939 composite?
True
Is 701 a prime number?
True
Is 141397 prime?
True
Is 33817 prime?
False
Is 200813 prime?
False
Is 7051 a composite number?
True
Is 15499 prime?
False
Is 227111 a prime number?
True
Is 79579 composite?
False
Is 145021 composite?
False
Is 26903 a composite number?
False
Is 125059 a prime number?
False
Is 3989 a composite number?
False
Is 908267 prime?
False
Is 139037 a prime number?
False
Is 49429 composite?
False
Is 38559 composite?
True
Is 1098859 composite?
True
Is 15391 composite?
False
Is 5167 a composite number?
False
Is 18839 a prime number?
True
Is 392201 composite?
False
Is 1151 a composite number?
False
Is 302261 composite?
False
Is 7563 prime?
False
Is 15947 a prime number?
False
Is 291815 composite?
True
Is 25663 prime?
False
Is 18947 a composite number?
False
Is 4201 a composite number?
False
Is 391387 a prime number?
True
Is 289487 a prime number?
False
Is 31619 a composite number?
True
Is 232729 a prime number?
False
Is 323273 composite?
False
Is 46619 composite?
False
Is 2819 composite?
False
Is 17401 a prime number?
True
Is 319427 prime?
True
Is 917579 a composite number?
True
Is 16669 a prime number?
Fal